ainder when g is divided by 11?
9
Suppose -16*s + 255 = 15. Let d = 34 - -25. Calculate the remainder when d is divided by s.
14
Let f be 6 + -1 + (1 - 1). Suppose 4*c = c - 4*a + 15, 25 = f*c - 4*a. Suppose -c*d + 153 = -47. What is the remainder when d is divided by 14?
12
Let w = 4 + 9. What is the remainder when 25 is divided by w?
12
Let r(w) = -2*w - 5. Let p be r(-7). Suppose -9 = -3*h + p. Suppose -h - 34 = -4*j. Calculate the remainder when 19 is divided by j.
9
Suppose 5*f + 7 = l, -14 = -5*l + 5*f - f. Suppose 3*p = -l*y + 49, -5*y + 0*p + p + 80 = 0. Calculate the remainder when 50 is divided by y.
16
Suppose 1 = d - 5. Suppose -2*k + d*k - 60 = 0. What is the remainder when 59 is divided by k?
14
Let m(b) = b**2 + 4*b + 3. Let r be m(-3). Suppose -2*d = r, o + 0*d - 3*d - 17 = 0. Calculate the remainder when o is divided by 10.
7
Let g(v) = v**3 - 4*v**2 + 3*v + 4. Let a = 9 - 4. Let s(h) = 2*h + 1. Calculate the remainder when s(a) is divided by g(3).
3
Let y(v) = -v**2 - 12*v + 7. Suppose -6*t + t = -265. What is the remainder when t is divided by y(-10)?
26
Suppose -23*f = -25*f + 408. Calculate the remainder when f is divided by 52.
48
Calculate the remainder when ((-76)/6)/((-10)/45) is divided by 15.
12
Let o(w) = -w - 11. What is the remainder when 21 is divided by o(-23)?
9
Suppose 2 = 2*p - 0*p. Suppose 0 = 3*h - 4 + 1. What is the remainder when h is divided by p?
0
Suppose 2*w = 3*w + 3*c - 72, 5*c + 271 = 4*w. What is the remainder when w - (-2 + 1)*1 is divided by 18?
16
Let v be (7/14)/((-1)/(-12)). Calculate the remainder when 51 is divided by (-27)/((-1)/(4/v)).
15
Suppose -15*j + 264 = -12*j + 5*n, 0 = j - 5*n - 108. Calculate the remainder when j is divided by (-27)/(-6)*32/6.
21
Calculate the remainder when -1 + 18 + (-3 - 1) is divided by 6.
1
Suppose 7*n - 70 = -0*n. What is the remainder when 19 is divided by n?
9
Let k = 39 + -23. Calculate the remainder when 61 is divided by k.
13
Let q(l) = -l**3 + 7*l**2 + 2*l - 3. Let w(b) = 3*b**2 - 15*b + 42. Calculate the remainder when q(5) is divided by w(4).
27
Let a = -7 - -9. Let r = 16 - a. Calculate the remainder when 54 is divided by r.
12
Let x(f) = f**2 + 4*f + 2. Let z be x(-4). What is the remainder when 13 is divided by ((-21)/6)/(z/(-4))?
6
What is the remainder when 98 is divided by (-12 - -1)*(-3 + (-10)/(-5))?
10
Suppose -18 = -u - 2*u. Suppose 0 = -5*o + o. What is the remainder when u is divided by o/1 - (-6 + 2)?
2
Calculate the remainder when 15 is divided by (-2 - -3 - 0) + 5.
3
Let b = -3 + 5. What is the remainder when (-4)/(-6) + (-122)/(-6) is divided by b/(-11) - (-123)/11?
10
Calculate the remainder when 143 is divided by -1 + (-6 - 4/(-1)) + 32.
27
Calculate the remainder when 27 is divided by 12 - ((-6)/2 + 1).
13
Let h(o) = -4*o + 9. Let q be h(-7). Suppose 0 = 2*l - l - q. Calculate the remainder when l is divided by 13.
11
Let x = -44 - -81. Suppose 3*v - 2*v - 27 = -2*o, -2*o + 2*v + 24 = 0. What is the remainder when x is divided by o?
11
Let b(w) = -w**2 + 10*w - 20. What is the remainder when 29 is divided by b(6)?
1
Let v(l) = -14*l + 5. Suppose -4*h = -k + 4*k - 47, -41 = -k + 5*h. Calculate the remainder when v(-4) is divided by k.
19
Suppose 0 = 9*n - 13*n + 412. What is the remainder when n is divided by 18?
13
Suppose 4*m = 16, 16 = -2*s + 2*m + 62. Calculate the remainder when 107 is divided by s.
26
Let d(k) = -2*k**2 + 12*k - 9. What is the remainder when 20 is divided by d(4)?
6
Suppose 0 = -i + 4*i - 162. What is the remainder when i is divided by 14?
12
Let x(b) = b**2 - 4*b - 8. Suppose 4*p - 7*p = -24. What is the remainder when x(p) is divided by 13?
11
Let x(y) = -2*y + 7. Let v(w) = -5*w + 21. Let t(z) = -2*v(z) + 7*x(z). Let j be -6 + 5 - 2*3. What is the remainder when t(j) is divided by 12?
11
Suppose 3*l = b + 7*l + 20, -3*l - 18 = b. Let f = b + 15. Calculate the remainder when f is divided by 1.
0
Suppose 2*z + 1 = z. Let f = z + 0. Let r = 15 - f. Calculate the remainder when r is divided by 6.
4
Suppose -2*b + 35 + 5 = 0. Suppose -f - 3*s + 21 = -4, -4*s - b = -4*f. What is the remainder when 28 is divided by f?
8
Let w = -32 - -58. What is the remainder when 122 is divided by w?
18
Let v = 32 - 12. Let h(m) = m**2 + 3*m + 3. Suppose -14 - 2 = 4*x. Calculate the remainder when v is divided by h(x).
6
Let l = -69 + 94. Calculate the remainder when 46 is divided by l.
21
Suppose 6*x - 132 = 2*x. Suppose -4*v = c - x, -v = v - 5*c - 11. What is the remainder when 15 is divided by v?
7
Let x = -26 + 45. Suppose -2*k = -d + 2, -3*k + 3*d - 6 = -0. Suppose -108 = -3*f + 3*i, k*f - 2*f + 3*i + 71 = 0. What is the remainder when f is divided by x?
18
Suppose 4 = -3*d - 2. Let i(u) = 16*u**2 + u + 1. What is the remainder when i(d) is divided by 11?
8
Let a(o) = 17*o**3 - o**2 + o - 1. Let r be a(1). Suppose 2*m = -4*q + 62, -q = -5*q + r. Calculate the remainder when m is divided by 12.
11
Suppose -2*l + 118 = -0*i - 4*i, -175 = -3*l + 5*i. Let p = 28 + -14. What is the remainder when l is divided by p?
13
Suppose 2*q + 3*q - 55 = 0. Let y = q + 27. What is the remainder when y is divided by 20?
18
Let u(y) = -y + 8. Let j be u(5). Suppose -3*m - 5*b + 103 = 0, -2*m = j*m - 5*b - 145. What is the remainder when m is divided by 11?
9
Let g(d) = 8*d**3 + 4*d**2 - 4*d + 3. Suppose 78 = -1311*k + 1313*k. What is the remainder when g(2) is divided by k?
36
Let q(d) be the third derivative of d**5/60 + 7*d**4/24 - 3*d**3/2 - 2*d**2. Let g be 33/(-4) - (-9)/(-12). What is the remainder when 25 is divided by q(g)?
7
Suppose -o + 5*h + 24 = 0, -4*h + 4 = 6*o - o. What is the remainder when 5 is divided by o?
1
Let m(o) = o + 4. Let h be m(0). Suppose -c + 49 = -0*c + v, 4*v + h = 0. Calculate the remainder when c is divided by 17.
16
Suppose -c + 3 = -5. What is the remainder when 39 is divided by c?
7
Let i(l) = -l**2 + 105. Let o be i(0). Suppose -4*x - x + o = 0. Let j(u) = 15*u**2 + 2. Calculate the remainder when j(-2) is divided by x.
20
Suppose -5*d + 5*m - m = -43, -2*d + 5*m + 7 = 0. Let n(p) = 5*p. Calculate the remainder when n(4) is divided by d.
9
Suppose 0 = -2*x - 2 + 28. Let b = -22 + 51. Let h = 53 - b. What is the remainder when h is divided by x?
11
Let n = 2 + -7. Let u = n - -10. Let v(h) = -h**2 - 8*h - 9. What is the remainder when u is divided by v(-6)?
2
Let d be ((-7)/4)/((-3)/(-12)). Let f(v) = 2*v - 5*v - 10 + 0*v. Calculate the remainder when 31 is divided by f(d).
9
Suppose 740 = 5*c - 2*t + t, -304 = -2*c + 2*t. Calculate the remainder when c is divided by 38.
33
Let p(c) = c**2 + 7*c + 3. Suppose -3*w = -2*l + 7, 21 = -3*l + 7*l + w. Suppose l*y - 8 - 17 = 0. Calculate the remainder when y is divided by p(-7).
2
Let n = -3 - -5. Suppose 2*m = f + 13, 2*m - f = -n*m + 23. What is the remainder when 8 is divided by m?
3
Suppose 0 = h - 6*h + 40. Let x = h - -1. Calculate the remainder when 25 is divided by x.
7
Suppose 7*t - 2 = 9*t. Let p(r) = -32*r**3 - r - 1. Suppose -3*m + 1 = -32. Calculate the remainder when p(t) is divided by m.
10
Let y = 30 - 26. Calculate the remainder when 18 is divided by y.
2
Suppose 253 = 9*m - 89. Let j = 9 - -1. Calculate the remainder when m is divided by j.
8
Let p = -3 - -5. What is the remainder when 21 is divided by -12*(p/(-2) + 0)?
9
Let t(r) = r**3 - 6*r**2 + r + 2. Let g be t(6). Suppose -3*k = -2*k. Suppose -y + 2*y - g = k. Calculate the remainder when 23 is divided by y.
7
Suppose 5*i - 69 = 51. Let g = 41 + i. Calculate the remainder when g is divided by 33.
32
Let u = -6 - -14. Let d = -6 + 12. Suppose -2*j + 38 = -d. Calculate the remainder when j is divided by u.
6
Let q(b) = -b - 1. Let y be -2 + 0 + 3 - 2. Let u be q(y). Suppose u = -l - l + 46. Calculate the remainder when l is divided by 8.
7
Let n(k) = k**2 - 7*k + 8. Let c be n(6). Let j = 37 - 22. Suppose 3*b - c*b = j. What is the remainder when 44 is divided by b?
14
Suppose 4*f - 65 = 119. Let l = 13 + -1. What is the remainder when f is divided by l?
10
Let o(h) = h + 38. What is the remainder when 23 is divided by o(-30)?
7
Suppose 0*c + 2*c = 12. Let b be (44/55)/((-2)/(-5)). Suppose b*d - c = -d. What is the remainder when d is divided by 2?
0
Suppose -6 = 5*t + 4*x, 2*t + 2*x 